*2 - 14*k - 69. Determine h(-7).
29
Let o(h) = -h**3 - h**2 + 8*h + 9. Give o(-1).
1
Let t(c) = -2*c**2 + 6. Determine t(2).
-2
Let n(t) = t**2 - 21*t + 135. Calculate n(11).
25
Let t(i) = i**2 + 3*i - 109. Calculate t(9).
-1
Let h(b) = b**2 + 29*b - 60. Give h(-31).
2
Let r(o) = -o**2 + 4*o + 41. What is r(8)?
9
Let b(z) = -z**2 - 7*z + 2. What is b(-5)?
12
Let x(a) = -10*a + 23. Calculate x(7).
-47
Let g(n) = n - 16. What is g(6)?
-10
Let m(y) = y**2 + 2*y + 3. What is m(4)?
27
Let j(r) = -r**3 + 16*r**2 - 14*r + 2. Determine j(15).
17
Let b(x) = -2*x**2 - 5*x + 86. Give b(5).
11
Let q(t) = 2*t**2 - 18*t - 11. Determine q(10).
9
Let j(i) = -i**3 + 15*i**2 + 31*i + 49. Calculate j(17).
-2
Let h(d) = -d**3 - 20*d**2 - 55*d - 68. Give h(-17).
0
Let d(t) = -t**2 - 79*t - 516. Determine d(-72).
-12
Let q(l) = l**3 - 8*l**2 + 2*l - 10. What is q(8)?
6
Let l(z) = 23*z - 26. Give l(1).
-3
Let b(a) = -5*a - 106. Give b(0).
-106
Let r(u) = 2*u - 14. Calculate r(0).
-14
Let o(h) = 13*h**2 - h + 3. Determine o(2).
53
Let k(x) = x**2 + 15*x + 51. What is k(-10)?
1
Let q(l) = 2*l**2 + 2*l - 10. Determine q(0).
-10
Let s(k) = -21*k - 113. What is s(-5)?
-8
Let r(y) = 8*y**2 + 2*y - 6. What is r(-4)?
114
Let l(y) = -y**3 + 8*y**2 + 18*y + 7. Calculate l(10).
-13
Let u(a) = a**2 + 9*a - 9. Calculate u(-10).
1
Let x(t) = -t**2 + 6*t - 7. Calculate x(6).
-7
Let x(m) = -7*m + 49. What is x(7)?
0
Let a(m) = -m**2 - 8*m - 4. What is a(-8)?
-4
Let v(k) = -2*k - 2. Give v(-2).
2
Let s(o) = -o**3 + 20*o**2 - 3*o + 54. What is s(20)?
-6
Let x(i) = i**2 - 10*i + 5. Give x(11).
16
Let s(l) = -l**2 - 15*l + 43. Determine s(3).
-11
Let n(y) = -y**3 + 41*y**2 - y + 30. Determine n(41).
-11
Let a(j) = j - 18. What is a(12)?
-6
Let v(i) = -5*i**2 + 39*i + 14. Calculate v(8).
6
Let n(o) = -2*o - 4. Determine n(-8).
12
Let h(n) = n**3 - 7*n**2 + 4*n + 7. Calculate h(6).
-5
Let b(g) = -4*g. Give b(2).
-8
Let i(k) = k**2 + 2*k - 79. What is i(-10)?
1
Let n(u) = -u**2 - 6*u + 14. Give n(-10).
-26
Let b(k) = 2*k**2 + 3*k - 4. Calculate b(-4).
16
Let n(s) = 3*s - 9. Give n(0).
-9
Let x(o) = 10*o + 34. What is x(-3)?
4
Let b(r) = r**2 - 7*r - 11. Give b(6).
-17
Let f(h) = -4*h - 76. Give f(-24).
20
Let q(v) = 2*v**2 + 2*v + 2. Calculate q(-5).
42
Let x(z) = z**3 - 4*z**2 - 18*z + 4. Calculate x(7).
25
Let k(m) = m**3 + 3*m**2 - 2*m + 10. Calculate k(-4).
2
Let m(p) = -p**3 + 3*p**2 - 5*p - 8. Determine m(-2).
22
Let r(d) = -d**3 - 2*d**2 + 5*d + 4. Calculate r(-5).
54
Let q(g) = 87*g + 1. Calculate q(0).
1
Let f(b) = -5*b - 2. Determine f(-2).
8
Let v(t) = -16*t + 2. What is v(2)?
-30
Let c(s) = -s**3 - 4*s**2 - 7*s - 12. Calculate c(-6).
102
Let f(a) = a + 2. Calculate f(4).
6
Let s(b) = b**3 - 8*b**2 + 15*b - 12. Determine s(6).
6
Let d(u) = -u**3 + 39*u**2 - 2*u + 87. Calculate d(39).
9
Let q(d) = -2*d**2 - 13*d + 24. Determine q(2).
-10
Let s(g) = -2*g**3 - 7*g**2 + 14*g - 23. Give s(-7).
222
Let q(w) = 3*w**3 - w**2 + w + 19. What is q(0)?
19
Let r(u) = 12*u + 6. Give r(2).
30
Let t(v) = -3*v**2 - 3*v - 6. Calculate t(-2).
-12
Let t(a) = 7*a**2 - 3*a + 2. Give t(2).
24
Let l(b) = 4*b**2 + 2*b - 2. Determine l(-1).
0
Let i(w) = -w**3 - 6*w**2 + 2*w - 4. Give i(-7).
31
Let f(z) = 70*z - 418. Give f(6).
2
Let r(x) = -x**2 + 3*x + 7. Calculate r(4).
3
Let b(k) = 5*k + 196. Give b(-40).
-4
Let i(n) = n**2 + 13*n - 461. What is i(16)?
3
Let d(x) = x**2 + 4*x - 2. Determine d(-5).
3
Let f(q) = 43*q + 9. What is f(-2)?
-77
Let d(y) = 6*y**3 - 2. Determine d(1).
4
Let d(l) = -2*l**2 - 9*l - 3. Give d(-4).
1
Let x(p) = p**2 + 4*p - 1. What is x(-4)?
-1
Let t(h) = -h**2 + 18*h + 15. Determine t(19).
-4
Let h(q) = 2*q**2 - 17*q - 4. Give h(8).
-12
Let o(w) = 14*w - 101. Calculate o(5).
-31
Let u(o) = -8*o - 92. Calculate u(-11).
-4
Let g(l) = 2*l + 50. Give g(0).
50
Let s(a) = 2*a + 22. What is s(-8)?
6
Let l(j) = 2*j**2 + 6*j - 9. What is l(-5)?
11
Let r(g) = -32*g - 131. Give r(-4).
-3
Let w(f) = -3*f**3 + 37*f**2 - 10*f - 9. Give w(12).
15
Let b(l) = -4*l + 23. Determine b(9).
-13
Let t(x) = 2*x + 10. What is t(-6)?
-2
Let c(f) = -15*f + 221. Give c(14).
11
Let o(z) = z**3 + 45*z**2 + 85*z - 26. Give o(-43).
17
Let l(n) = n**2 + 49*n + 531. Determine l(-16).
3
Let b(q) = -5*q - 21. Determine b(-7).
14
Let o(g) = g**2 - 3*g + 7. Give o(-6).
61
Let c(q) = -q**2 - 10*q - 7. Determine c(0).
-7
Let p(i) = 35*i + 2. Determine p(-1).
-33
Let k(v) = 7*v + 14. Determine k(-6).
-28
Let r(q) = 7*q**2 - 55*q - 18. What is r(8)?
-10
Let o(t) = -t**3 - 8*t**2 - 9*t + 5. Calculate o(-6).
-13
Let k(b) = -23*b + 25. Determine k(4).
-67
Let y(b) = -3*b**2 + 123*b - 6. What is y(41)?
-6
Let f(b) = 2*b**2 - b + 3. Give f(1).
4
Let p(k) = -26*k - 464. Give p(-18).
4
Let m(u) = 10*u**2 + 252*u + 56. What is m(-25)?
6
Let n(y) = -2*y**2 - 22*y - 50. Give n(-8).
-2
Let i(y) = -y**2 - 17*y - 53. Determine i(-7).
17
Let n(t) = 33*t**3 - 2*t + 1. Determine n(1).
32
Let w(m) = -m**2 + 3. What is w(4)?
-13
Let p(j) = 8*j + 100. Determine p(-12).
4
Let q(n) = -19*n**3 + 3*n + 3. Give q(-1).
19
Let a(b) = 3*b + 21. Give a(-9).
-6
Let k(h) = -h**2 + 5*h - 1. Give k(4).
3
Let r(d) = d**2 - 5*d - 3. What is r(-4)?
33
Let s(k) = 7*k - 7. Give s(2).
7
Let r(o) = -3*o**2 - 2*o - 1. What is r(-1)?
-2
Let s(i) = -i**3 - 3*i**2 + 2*i + 4. Determine s(-3).
-2
Let n(k) = -k + 27. What is n(12)?
15
Let s(y) = 12*y - 14. Determine s(-4).
-62
Let k(o) = 2*o - 32. What is k(8)?
-16
Let c(n) = -n**3 - 7*n**2 + 8*n. Determine c(-8).
0
Let g(o) = -o**3 + 4*o**2 + 16*o - 43. Calculate g(5).
12
Let u(x) = x**2 + 23*x + 22. Give u(-22).
0
Let r(k) = k**2 + 4*k + 6. Calculate r(-6).
18
Let h(v) = -2*v**2 + 11*v - 17. Calculate h(7).
-38
Let z(m) = 2*m**2 - 16*m - 2. What is z(8)?
-2
Let g(x) = x + 7. What is g(-8)?
-1
Let a(j) = 3*j**2 - 2. Determine a(2).
10
Let b(u) = -u**2 + 14*u + 124. Determine b(20).
4
Let b(m) = m**3 - 15*m**2 + 36*m - 25. What is b(12)?
-25
Let c(j) = j**3 - j**2 - 2*j + 56. What is c(0)?
56
Let f(n) = n**3 + 13*n**2 + 8*n - 19. Determine f(-12).
29
Let w(s) = 2*s**3 + 14*s**2 + 14*s + 5. What is w(-6)?
-7
Let w(z) = z + 16. Give w(-13).
3
Let s(g) = 8*g + 47. Calculate s(-7).
-9
Let c(b) = -b**2 - 36*b - 309. What is c(-18)?
15
Let q(v) = -5*v + 88. Calculate q(17).
3
Let y(q) = 4*q - 3. Determine y(6).
21
Let i(p) = p**2 - 5*p - 13. Determine i(-7).
71
Let f(v) = v**2 + 9*v - 1. Calculate f(-8).
-9
Let x(y) = 14*y**3 - 2*y**2 + 2*y - 1. Determine x(1).
13
Let h(b) = -b**3 - 7*b**2 - 2*b - 1. Give h(-6).
-25
Let y(i) = i**2 - 6*i - 1. What is y(4)?
-9
Let k(x) = x**2 + 7*x - 8. Calculate k(-7).
-8
Let r(m) = m**3 - 14*m**2 - 14*m - 12. Give r(15).
3
Let z(p) = p**3 - 7*p**2 + 6*p - 4. Calculate z(6).
-4
Let i(c) = -c**2 + 46*c + 689. What is i(-12)?
-7
Let q(j) = 5*j + 21. Determine q(-2).
11
Let l(o) = -11*o + 24. Give l(4).
-20
Let l(h) = h**3 + h**2 - 11*h - 2. Calculate l(-5).
-47
Let b(z) = z + 8. What is b(-8)?
0
Let h(y) = -y - 8. What is h(0)?
-8
Let l(v) = 2*v**2 - 36*v + 10. Calculate l(17).
-24
Let v(g) = 4*g**2 - 13*g. Give v(3).
-3
Let u(k) = 90*k + 4. What is u(0)?
4
Let f(s) = 3*s**3 - 2*s**2 - 4*s - 7. Give f(3).
44
Let u(y) = -y**2 - 12*y - 9. What is u(-14)?
-37
Let m(t) = -23*t - 19. Give m(-3).
50
Let o(s) = s**3 - s**2 - s - 9. Determine o(0).
-9
Let k(j) = 9*j - 63. Determine k(7).
0
Let j(b) = 34*b**2 + 2*b + 1. Determine j(-1).
33
Let z(d) = -35*d - 135. Calculate z(-4).
5
Let c(w) = -w**2 - 4*w + 6. Give c(-8).
-26
Let m(u) = -u**2 - 5*u + 12. Calculate m(4).
-24
Let h(i) = -31*i**3 - 2*i**2 + 2*i - 2. Calculate h(1).
-33
Let x(t) = -2*t**2 - t. Give x(-3).
-15
Let v(r) = 64*r + 257. Calculate v(-4).
1
Let d(x) = -2*x**2 - 15*x - 25. Calculate d(-8).
-33
Let o(f) = 5*f - 43. What is o(8)?
-3
Let z(h) = 21*h + 4. Give z(-1).
-17
Let p(i) = i**3 + i**2 + i + 1. Give p(-1).
0
Let n(f) = f**3 - f**2 + f + 14. Calculate n(0).
14
Let w(g) = -7*g + 64. Calculate w(-4).
92
Let z(l) = 2*l - 1. Determine z(-2).
-5
Let k(b) = -5*b - 7. What is k(6)?
-37
Let t(o) = o**3 - 9*o**2 + 11*o - 19. Determine t(8).
5
Let y(m) = -2*m**3 + 8*m**2 + 9*m - 17. Calculate y(5).
-22
Let x(d) = -d**3 - 26*d**2 + 25*d - 59. Determine x(-27).
-5
Let f(n) = -3*n - 9. What is f(7)?
-30
Let n(w) = w**2 + 4*w - 3. D